{"id":10122,"date":"2020-03-11T13:01:20","date_gmt":"2020-03-11T13:01:20","guid":{"rendered":"http:\/\/www.cultureetcommunication.sn\/?page_id=10122"},"modified":"2022-10-13T13:50:36","modified_gmt":"2022-10-13T13:50:36","slug":"musee-des-civilisations-noires","status":"publish","type":"page","link":"https:\/\/www.culture.gouv.sn\/index.php\/musee-des-civilisations-noires\/","title":{"rendered":"Mus\u00e9e des Civilisations noires"},"content":{"rendered":"\n<p><strong>Mus\u00e9e des Civilisations noires<\/strong><\/p>\n\n\n\n<p>Le Mus\u00e9e des Civilisations noires (MCN) est le fruit d\u2019un long processus, accompagn\u00e9 de changements majeurs depuis plus d\u2019une cinquantaine d\u2019ann\u00e9es.<\/p>\n\n\n\n<p>Le MCN est donc un projet \u00e9volutif, fa\u00e7onn\u00e9 par une riche histoire intellectuelle et culturelle qui doit c\u00e9l\u00e9brer les civilisations noires dans le temps du monde.<\/p>\n","protected":false},"excerpt":{"rendered":"<p>Mus\u00e9e des Civilisations noires Le Mus\u00e9e des Civilisations noires (MCN) est le fruit d\u2019un long processus, accompagn\u00e9 de changements majeurs depuis plus d\u2019une cinquantaine d\u2019ann\u00e9es. Le MCN est donc un projet \u00e9volutif, fa\u00e7onn\u00e9 par une riche histoire intellectuelle et culturelle qui doit c\u00e9l\u00e9brer les civilisations noires dans le temps du monde.<\/p>\n","protected":false},"author":1,"featured_media":0,"parent":0,"menu_order":0,"comment_status":"closed","ping_status":"closed","template":"","meta":{"ngg_post_thumbnail":0},"_links":{"self":[{"href":"https:\/\/www.culture.gouv.sn\/index.php\/wp-json\/wp\/v2\/pages\/10122"}],"collection":[{"href":"https:\/\/www.culture.gouv.sn\/index.php\/wp-json\/wp\/v2\/pages"}],"about":[{"href":"https:\/\/www.culture.gouv.sn\/index.php\/wp-json\/wp\/v2\/types\/page"}],"author":[{"embeddable":true,"href":"https:\/\/www.culture.gouv.sn\/index.php\/wp-json\/wp\/v2\/users\/1"}],"replies":[{"embeddable":true,"href":"https:\/\/www.culture.gouv.sn\/index.php\/wp-json\/wp\/v2\/comments?post=10122"}],"version-history":[{"count":2,"href":"https:\/\/www.culture.gouv.sn\/index.php\/wp-json\/wp\/v2\/pages\/10122\/revisions"}],"predecessor-version":[{"id":12063,"href":"https:\/\/www.culture.gouv.sn\/index.php\/wp-json\/wp\/v2\/pages\/10122\/revisions\/12063"}],"wp:attachment":[{"href":"https:\/\/www.culture.gouv.sn\/index.php\/wp-json\/wp\/v2\/media?parent=10122"}],"curies":[{"name":"wp","href":"https:\/\/api.w.org\/{rel}","templated":true}]}}