{"id":5673,"date":"2019-08-01T09:50:02","date_gmt":"2019-08-01T09:50:02","guid":{"rendered":"http:\/\/www.cultureetcommunication.sn\/?page_id=5673"},"modified":"2020-01-19T19:37:47","modified_gmt":"2020-01-19T19:37:47","slug":"direction-de-la-cinematographie","status":"publish","type":"page","link":"https:\/\/www.culture.gouv.sn\/index.php\/direction-de-la-cinematographie\/","title":{"rendered":"LA DIRECTION DE LA CINEMATOGRAPHIE"},"content":{"rendered":"<div id=\"pl-5673\"  class=\"panel-layout\" ><div id=\"pg-5673-0\"  class=\"panel-grid panel-no-style\" ><div id=\"pgc-5673-0-0\"  class=\"panel-grid-cell\" ><div id=\"panel-5673-0-0-0\" class=\"so-panel widget widget_text panel-first-child\" data-index=\"0\" ><h3 class=\"widget-title\">Pr\u00e9sentation<\/h3>\t\t\t<div class=\"textwidget\"><p>La Direction de la Cin\u00e9matographie (DCI) a \u00e9t\u00e9 institu\u00e9e par le d\u00e9cret N\u00b02000-947 du 9 novembre 2000 portant organisation du Minist\u00e8re de la Culture et de la Communication. La DCI assure, sous l\u2019autorit\u00e9 du Ministre charg\u00e9 de la Culture, l\u2019unit\u00e9 de conception et de mise en \u0153uvre de la politique de l\u2019\u00c9tat s\u00e9n\u00e9galais dans les domaines du cin\u00e9ma et de l\u2019audiovisuel.<\/p>\n<\/div>\n\t\t<\/div><div id=\"panel-5673-0-0-1\" class=\"so-panel widget widget_text\" data-index=\"1\" ><h3 class=\"widget-title\">Missions<\/h3>\t\t\t<div class=\"textwidget\"><p>La Direction de la Cin\u00e9matographie est charg\u00e9e\u00a0:<\/p>\n<ul>\n<li>d\u2019assurer la r\u00e9glementation, le contr\u00f4le et la r\u00e9gulation du secteur cin\u00e9matographique et audiovisuel.<\/li>\n<li>\u00a0de participer \u00e0 la promotion et au d\u00e9veloppement des activit\u00e9s cin\u00e9matographiques et audiovisuelles au S\u00e9n\u00e9gal.<\/li>\n<li>\u00a0d\u2019organiser et favoriser la formation et le perfectionnement dans les m\u00e9tiers de la cin\u00e9matographie et de l\u2019audiovisuel.<\/li>\n<li>\u00a0de contribuer aux appuis techniques et au financement du cin\u00e9ma et de l\u2019audiovisuel.<\/li>\n<li>\u00a0de coordonner et organiser la coop\u00e9ration internationale en mati\u00e8re de cin\u00e9ma et d\u2019audiovisuel et en assurer le suivi-\u00e9valuation.<\/li>\n<li>de collecter, conserver, restaurer et valoriser le patrimoine cin\u00e9matographique et audiovisuel.<\/li>\n<\/ul>\n<\/div>\n\t\t<\/div><div id=\"panel-5673-0-0-2\" class=\"so-panel widget widget_text panel-last-child\" data-index=\"2\" ><h3 class=\"widget-title\">subventions<\/h3>\t\t\t<div class=\"textwidget\"><p>Le Fonds de Promotion de l\u2019Industrie Cin\u00e9matographique et Audiovisuelle (FOPICA) a \u00e9t\u00e9 institu\u00e9 par la loi n\u00b02002-18 du 15 avril 2002 portant r\u00e8gles d\u2019organisation des activit\u00e9s de production, d\u2019exploitation et de promotion cin\u00e9matographiques et audiovisuelles qui dispose en son article 9 : \u00ab Le concours financier de l\u2019Etat au d\u00e9veloppement des activit\u00e9s li\u00e9es \u00e0 la cin\u00e9matographie et \u00e0 l\u2019audiovisuel se fait par le biais d\u2019un fonds de promotion de l\u2019industrie cin\u00e9matographique et audiovisuelle dont les modalit\u00e9s d\u2019organisation et de fonctionnement sont fix\u00e9es par d\u00e9cret \u00bb. Le d\u00e9cret n\u00b0 2004-736 du 21 juin 2004, compl\u00e9t\u00e9 par l\u2019arr\u00eat\u00e9 n\u00b016352, du 30-10-2014, ainsi que le r\u00e8glement int\u00e9rieur fixent les modalit\u00e9s d\u2019organisation et de fonctionnement du FOPICA.<\/p>\n<p><strong>Dans ce cadre, le Pr\u00e9sident de la R\u00e9publique, Son Excellence, Monsieur Macky SALL a pris la d\u00e9cision de doter ce fonds d\u2019un montant d\u2019un milliard (1 000 000 000) de francs CFA,<\/strong>\u00a0<strong>pour son op\u00e9rationnalisation en 2014.<\/strong>\u00a0Ainsi, les professionnels du secteur peuvent pr\u00e9senter des projets de film, \u00e0 travers des structures de production l\u00e9galement constitu\u00e9es et enregistr\u00e9s au Registre Public de la Cin\u00e9matographie et de l\u2019Audiovisuel (RPCA) du S\u00e9n\u00e9gal.<\/p>\n<\/div>\n\t\t<\/div><\/div><\/div><\/div>","protected":false},"excerpt":{"rendered":"<p>La Direction de la Cin\u00e9matographie (DCI) a \u00e9t\u00e9 institu\u00e9e par le d\u00e9cret N\u00b02000-947 du 9 novembre 2000 portant organisation du Minist\u00e8re de la Culture et de la Communication. La DCI assure, sous l\u2019autorit\u00e9 du Ministre charg\u00e9 de la Culture, l\u2019unit\u00e9 de conception et de mise en \u0153uvre de la politique de l\u2019\u00c9tat s\u00e9n\u00e9galais dans les [&hellip;]<\/p>\n","protected":false},"author":1,"featured_media":0,"parent":0,"menu_order":0,"comment_status":"closed","ping_status":"closed","template":"","meta":{"ngg_post_thumbnail":0},"_links":{"self":[{"href":"https:\/\/www.culture.gouv.sn\/index.php\/wp-json\/wp\/v2\/pages\/5673"}],"collection":[{"href":"https:\/\/www.culture.gouv.sn\/index.php\/wp-json\/wp\/v2\/pages"}],"about":[{"href":"https:\/\/www.culture.gouv.sn\/index.php\/wp-json\/wp\/v2\/types\/page"}],"author":[{"embeddable":true,"href":"https:\/\/www.culture.gouv.sn\/index.php\/wp-json\/wp\/v2\/users\/1"}],"replies":[{"embeddable":true,"href":"https:\/\/www.culture.gouv.sn\/index.php\/wp-json\/wp\/v2\/comments?post=5673"}],"version-history":[{"count":4,"href":"https:\/\/www.culture.gouv.sn\/index.php\/wp-json\/wp\/v2\/pages\/5673\/revisions"}],"predecessor-version":[{"id":8862,"href":"https:\/\/www.culture.gouv.sn\/index.php\/wp-json\/wp\/v2\/pages\/5673\/revisions\/8862"}],"wp:attachment":[{"href":"https:\/\/www.culture.gouv.sn\/index.php\/wp-json\/wp\/v2\/media?parent=5673"}],"curies":[{"name":"wp","href":"https:\/\/api.w.org\/{rel}","templated":true}]}}