{"id":5691,"date":"2019-08-01T12:43:20","date_gmt":"2019-08-01T12:43:20","guid":{"rendered":"http:\/\/www.cultureetcommunication.sn\/?page_id=5691"},"modified":"2019-08-01T12:43:20","modified_gmt":"2019-08-01T12:43:20","slug":"maison-de-la-culture-douta-seck","status":"publish","type":"page","link":"https:\/\/www.culture.gouv.sn\/index.php\/maison-de-la-culture-douta-seck\/","title":{"rendered":"Maison de la Culture Douta Seck"},"content":{"rendered":"<div id=\"pl-5691\"  class=\"panel-layout\" ><div id=\"pg-5691-0\"  class=\"panel-grid panel-no-style\" ><div id=\"pgc-5691-0-0\"  class=\"panel-grid-cell\" ><div id=\"panel-5691-0-0-0\" class=\"so-panel widget widget_text panel-first-child\" data-index=\"0\" ><h3 class=\"widget-title\">Pr\u00e9sentation<\/h3>\t\t\t<div class=\"textwidget\"><p>Situ\u00e9e\u00a0 au c\u0153ur d\u2019un des plus grands quartiers de Dakar, l\u2019ancienne R\u00e9sidence de M\u00e9dina f\u00fbt baptis\u00e9e <strong>le 23 avril 1997,<\/strong> \u00a0\u00ab Maison de la Culture \u00bb, par son Excellence le Pr\u00e9sident <strong>Abdou DIOUF<\/strong>.<\/p>\n<p>Elle portera plus tard le nom de l\u2019\u00e9minent homme de culture Douta SECK.<\/p>\n<p>Couvrant une superficie de 15.000 m2, avec toutes ses infrastructures,<\/p>\n<p>la Maison de la Culture Douta SECK fait partie des sites et monuments historiques du S\u00e9n\u00e9gal depuis le 03 novembre 2004, suite \u00e0 un arr\u00eat\u00e9 minist\u00e9riel.<\/p>\n<\/div>\n\t\t<\/div><div id=\"panel-5691-0-0-1\" class=\"so-panel widget widget_text\" data-index=\"1\" ><h3 class=\"widget-title\">Les services du minist\u00e8re<\/h3>\t\t\t<div class=\"textwidget\"><p>L\u2019espace abrite des services du minist\u00e8re qui sont:<\/p>\n<p>&#8211;\u00a0\u00a0\u00a0\u00a0\u00a0\u00a0\u00a0\u00a0\u00a0 le studio de musique et de r\u00e9p\u00e9tition de l\u2019Orchestre National du S\u00e9n\u00e9gal (ONS)<\/p>\n<p>&#8211;\u00a0\u00a0\u00a0\u00a0\u00a0\u00a0\u00a0\u00a0\u00a0 le\u00a0 Service des Relations Publiques et de la Documentation (SRPD).<\/p>\n<p>La Maison de la Culture Douta SECK est un centre d\u2019excellence, de recherche-action, de diffusion et de d\u00e9veloppement d\u2019activit\u00e9s culturelles. C\u2019est un p\u00f4le de rayonnement \u00e0 vocation nationale et internationale.<\/p>\n<\/div>\n\t\t<\/div><div id=\"panel-5691-0-0-2\" class=\"so-panel widget widget_text\" data-index=\"2\" ><h3 class=\"widget-title\">Missions<\/h3>\t\t\t<div class=\"textwidget\"><p>Elle a entre autres missions de\u00a0:<\/p>\n<p>&#8211;\u00a0\u00a0\u00a0\u00a0\u00a0\u00a0\u00a0\u00a0\u00a0 Favoriser des rencontres, des \u00e9changes d\u2019exp\u00e9riences et des convergences, en vue d\u2019instaurer un foyer rayonnant de cr\u00e9ativit\u00e9.<\/p>\n<p>&#8211;\u00a0\u00a0\u00a0\u00a0\u00a0\u00a0\u00a0\u00a0\u00a0 Traiter et restituer l\u2019information culturelle par la diffusion et la promotion d\u2019une documentation sp\u00e9cialis\u00e9e.<\/p>\n<p>&#8211;\u00a0\u00a0\u00a0\u00a0\u00a0\u00a0\u00a0\u00a0\u00a0 Instaurer un espace de cr\u00e9ativit\u00e9 pour les enfants et les adolescents, en vue de favoriser leur \u00e9panouissement.<\/p>\n<p>&#8211;\u00a0\u00a0\u00a0\u00a0\u00a0\u00a0\u00a0\u00a0\u00a0 Cr\u00e9er une dynamique autour des arts sc\u00e9niques, des arts visuels et des multim\u00e9dias.<\/p>\n<p>&#8211;\u00a0\u00a0\u00a0\u00a0\u00a0\u00a0\u00a0\u00a0\u00a0 Soutenir et accompagner les initiatives culturelles nationales et internationales.<\/p>\n<p>&#8211;\u00a0\u00a0\u00a0\u00a0\u00a0\u00a0\u00a0\u00a0\u00a0 Promouvoir et sauvegarder le patrimoine culturel mat\u00e9riel et immat\u00e9riel.<\/p>\n<p>&#8211;\u00a0\u00a0\u00a0\u00a0\u00a0\u00a0\u00a0\u00a0\u00a0 Participer au d\u00e9veloppement de la coop\u00e9ration culturelle, avec les institutions et les repr\u00e9sentations diplomatiques.<\/p>\n<p>&#8211;\u00a0\u00a0\u00a0\u00a0\u00a0\u00a0\u00a0\u00a0\u00a0 D\u00e9velopper un r\u00e9seau de partenariat avec les associations des professionnels des m\u00e9tiers de la culture.<\/p>\n<\/div>\n\t\t<\/div><div id=\"panel-5691-0-0-3\" class=\"so-panel widget widget_text\" data-index=\"3\" ><h3 class=\"widget-title\">Missions<\/h3>\t\t\t<div class=\"textwidget\"><p>Elle a entre autres missions de\u00a0:<\/p>\n<p>&#8211;\u00a0\u00a0\u00a0\u00a0\u00a0\u00a0\u00a0\u00a0\u00a0 Favoriser des rencontres, des \u00e9changes d\u2019exp\u00e9riences et des convergences, en vue d\u2019instaurer un foyer rayonnant de cr\u00e9ativit\u00e9.<\/p>\n<p>&#8211;\u00a0\u00a0\u00a0\u00a0\u00a0\u00a0\u00a0\u00a0\u00a0 Traiter et restituer l\u2019information culturelle par la diffusion et la promotion d\u2019une documentation sp\u00e9cialis\u00e9e.<\/p>\n<p>&#8211;\u00a0\u00a0\u00a0\u00a0\u00a0\u00a0\u00a0\u00a0\u00a0 Instaurer un espace de cr\u00e9ativit\u00e9 pour les enfants et les adolescents, en vue de favoriser leur \u00e9panouissement.<\/p>\n<p>&#8211;\u00a0\u00a0\u00a0\u00a0\u00a0\u00a0\u00a0\u00a0\u00a0 Cr\u00e9er une dynamique autour des arts sc\u00e9niques, des arts visuels et des multim\u00e9dias.<\/p>\n<p>&#8211;\u00a0\u00a0\u00a0\u00a0\u00a0\u00a0\u00a0\u00a0\u00a0 Soutenir et accompagner les initiatives culturelles nationales et internationales.<\/p>\n<p>&#8211;\u00a0\u00a0\u00a0\u00a0\u00a0\u00a0\u00a0\u00a0\u00a0 Promouvoir et sauvegarder le patrimoine culturel mat\u00e9riel et immat\u00e9riel.<\/p>\n<p>&#8211;\u00a0\u00a0\u00a0\u00a0\u00a0\u00a0\u00a0\u00a0\u00a0 Participer au d\u00e9veloppement de la coop\u00e9ration culturelle, avec les institutions et les repr\u00e9sentations diplomatiques.<\/p>\n<p>&#8211;\u00a0\u00a0\u00a0\u00a0\u00a0\u00a0\u00a0\u00a0\u00a0 D\u00e9velopper un r\u00e9seau de partenariat avec les associations des professionnels des m\u00e9tiers de la culture.<\/p>\n<\/div>\n\t\t<\/div><div id=\"panel-5691-0-0-4\" class=\"so-panel widget widget_text panel-last-child\" data-index=\"4\" ><h3 class=\"widget-title\">Contact<\/h3>\t\t\t<div class=\"textwidget\"><h3>Adresse<\/h3>\n<p>Avenue Blaise DIAGNE X RUE 25 MEDINA \/DAKAR<\/p>\n<h3>Adresse \u00e9lectronique<\/h3>\n<p><a href=\"mailto:maisondelaculturedoutaseck@gmail.com\">maisondelaculturedoutaseck@gmail.com<\/a><\/p>\n<h3>T\u00e9l\u00e9phones<\/h3>\n<p>Tel : 00 221 33 822 36 59 \/ Fax : 00 221 33 821 21 33<\/p>\n<\/div>\n\t\t<\/div><\/div><\/div><\/div>","protected":false},"excerpt":{"rendered":"<p>Situ\u00e9e\u00a0 au c\u0153ur d\u2019un des plus grands quartiers de Dakar, l\u2019ancienne R\u00e9sidence de M\u00e9dina f\u00fbt baptis\u00e9e le 23 avril 1997, \u00a0\u00ab Maison de la Culture \u00bb, par son Excellence le Pr\u00e9sident Abdou DIOUF. Elle portera plus tard le nom de l\u2019\u00e9minent homme de culture Douta SECK. Couvrant une superficie de 15.000 m2, avec toutes ses [&hellip;]<\/p>\n","protected":false},"author":1,"featured_media":0,"parent":0,"menu_order":0,"comment_status":"closed","ping_status":"closed","template":"","meta":{"ngg_post_thumbnail":0},"_links":{"self":[{"href":"https:\/\/www.culture.gouv.sn\/index.php\/wp-json\/wp\/v2\/pages\/5691"}],"collection":[{"href":"https:\/\/www.culture.gouv.sn\/index.php\/wp-json\/wp\/v2\/pages"}],"about":[{"href":"https:\/\/www.culture.gouv.sn\/index.php\/wp-json\/wp\/v2\/types\/page"}],"author":[{"embeddable":true,"href":"https:\/\/www.culture.gouv.sn\/index.php\/wp-json\/wp\/v2\/users\/1"}],"replies":[{"embeddable":true,"href":"https:\/\/www.culture.gouv.sn\/index.php\/wp-json\/wp\/v2\/comments?post=5691"}],"version-history":[{"count":1,"href":"https:\/\/www.culture.gouv.sn\/index.php\/wp-json\/wp\/v2\/pages\/5691\/revisions"}],"predecessor-version":[{"id":5697,"href":"https:\/\/www.culture.gouv.sn\/index.php\/wp-json\/wp\/v2\/pages\/5691\/revisions\/5697"}],"wp:attachment":[{"href":"https:\/\/www.culture.gouv.sn\/index.php\/wp-json\/wp\/v2\/media?parent=5691"}],"curies":[{"name":"wp","href":"https:\/\/api.w.org\/{rel}","templated":true}]}}