{"id":5710,"date":"2019-08-01T13:20:19","date_gmt":"2019-08-01T13:20:19","guid":{"rendered":"http:\/\/www.cultureetcommunication.sn\/?page_id=5710"},"modified":"2020-01-19T19:29:56","modified_gmt":"2020-01-19T19:29:56","slug":"service-des-relations-publiques-et-de-la-documentation","status":"publish","type":"page","link":"https:\/\/www.culture.gouv.sn\/index.php\/service-des-relations-publiques-et-de-la-documentation\/","title":{"rendered":"Service des Relations Publiques et de la Documentation"},"content":{"rendered":"<div id=\"pl-5710\"  class=\"panel-layout\" ><div id=\"pg-5710-0\"  class=\"panel-grid panel-no-style\" ><div id=\"pgc-5710-0-0\"  class=\"panel-grid-cell\" ><div id=\"panel-5710-0-0-0\" class=\"so-panel widget widget_text panel-first-child\" data-index=\"0\" ><h3 class=\"widget-title\">Pr\u00e9sentation<\/h3>\t\t\t<div class=\"textwidget\"><p>Le Service des Relations Publiques et de la Documentation (SRPD) est un service rattach\u00e9 au cabinet. C\u2019est le service de presse et de documentation du D\u00e9partement. Il conserve l\u2019ensemble des documents qui lui sont vers\u00e9s.<\/p>\n<p>Sa mission consiste \u00e0 couvrir les activit\u00e9s du minist\u00e8re (gr\u00e2ce \u00e0 son unit\u00e9 audiovisuelle), \u00e0 servir de relais entre le minist\u00e8re et les m\u00e9dias et \u00e0 rendre visible ses activit\u00e9s.<\/p>\n<p>Le SRPD r\u00e9alise aussi des films documentaires sur certains \u00e9v\u00e9nements phares pour conserver la m\u00e9moire du d\u00e9partement et s\u2019occupe \u00e9galement des relations publiques. C\u2019est ainsi qu\u2019il constitue un trait d\u2019union entre les acteurs culturels, le grand public et le minist\u00e8re.<\/p>\n<p>Il est charg\u00e9 d\u2019assurer une bonne circulation de l\u2019information \u00e0 l\u2019interne, entre les diff\u00e9rents d\u00e9membrements du minist\u00e8re.<\/p>\n<p>Le SRPD est un service transversal qui accompagne et appuie l\u2019ensemble des directions et services\u00a0 dans l\u2019information, la communication et la sensibilisation de leurs activit\u00e9s,\u00a0 projets et programmes.<\/p>\n<\/div>\n\t\t<\/div><div id=\"panel-5710-0-0-1\" class=\"so-panel widget widget_text panel-last-child\" data-index=\"1\" ><h3 class=\"widget-title\">Contact<\/h3>\t\t\t<div class=\"textwidget\"><h3>Adresse<\/h3>\n<p>Maison de la Culture Douta Seck &#8211; Avenue Blaise DIAGNE &#8211; M\u00e9dina \u2013 Dakar<\/p>\n<h3>T\u00e9l\u00e9phones<\/h3>\n<p>T\u00e9l.+221 33\u00a0842 00 69 \/Fax.\u00a0: +221 33\u00a0842 00 69<\/p>\n<p>&nbsp;<\/p>\n<\/div>\n\t\t<\/div><\/div><\/div><\/div>","protected":false},"excerpt":{"rendered":"<p>Le Service des Relations Publiques et de la Documentation (SRPD) est un service rattach\u00e9 au cabinet. C\u2019est le service de presse et de documentation du D\u00e9partement. Il conserve l\u2019ensemble des documents qui lui sont vers\u00e9s. Sa mission consiste \u00e0 couvrir les activit\u00e9s du minist\u00e8re (gr\u00e2ce \u00e0 son unit\u00e9 audiovisuelle), \u00e0 servir de relais entre le [&hellip;]<\/p>\n","protected":false},"author":1,"featured_media":0,"parent":0,"menu_order":0,"comment_status":"closed","ping_status":"closed","template":"","meta":{"ngg_post_thumbnail":0},"_links":{"self":[{"href":"https:\/\/www.culture.gouv.sn\/index.php\/wp-json\/wp\/v2\/pages\/5710"}],"collection":[{"href":"https:\/\/www.culture.gouv.sn\/index.php\/wp-json\/wp\/v2\/pages"}],"about":[{"href":"https:\/\/www.culture.gouv.sn\/index.php\/wp-json\/wp\/v2\/types\/page"}],"author":[{"embeddable":true,"href":"https:\/\/www.culture.gouv.sn\/index.php\/wp-json\/wp\/v2\/users\/1"}],"replies":[{"embeddable":true,"href":"https:\/\/www.culture.gouv.sn\/index.php\/wp-json\/wp\/v2\/comments?post=5710"}],"version-history":[{"count":2,"href":"https:\/\/www.culture.gouv.sn\/index.php\/wp-json\/wp\/v2\/pages\/5710\/revisions"}],"predecessor-version":[{"id":8856,"href":"https:\/\/www.culture.gouv.sn\/index.php\/wp-json\/wp\/v2\/pages\/5710\/revisions\/8856"}],"wp:attachment":[{"href":"https:\/\/www.culture.gouv.sn\/index.php\/wp-json\/wp\/v2\/media?parent=5710"}],"curies":[{"name":"wp","href":"https:\/\/api.w.org\/{rel}","templated":true}]}}