{"id":8962,"date":"2020-01-26T12:23:30","date_gmt":"2020-01-26T12:23:30","guid":{"rendered":"http:\/\/www.cultureetcommunication.sn\/?page_id=8962"},"modified":"2021-07-07T18:49:25","modified_gmt":"2021-07-07T18:49:25","slug":"manufacture-senegalaise-des-arts-decoratifs-depuis-1966","status":"publish","type":"page","link":"https:\/\/www.culture.gouv.sn\/index.php\/manufacture-senegalaise-des-arts-decoratifs-depuis-1966\/","title":{"rendered":"Manufacture s\u00e9n\u00e9galaise des arts d\u00e9coratifs  Depuis 1966"},"content":{"rendered":"<div id=\"pl-8962\"  class=\"panel-layout\" ><div id=\"pg-8962-0\"  class=\"panel-grid panel-no-style\" ><div id=\"pgc-8962-0-0\"  class=\"panel-grid-cell\" ><div id=\"panel-8962-0-0-0\" class=\"so-panel widget widget_text panel-first-child panel-last-child\" data-index=\"0\" >\t\t\t<div class=\"textwidget\"><p><strong>Un Art Nouveau pour une nation nouvelle <\/strong><\/p>\n<p><strong>\u00ab\u00a0<em>En inaugurant cette Manufacture nationale des tapisseries, qui accueillera tous les riverains du fleuve S\u00e9n\u00e9gal, et m\u00eame les artistes d\u2019au-del\u00e0, nous ne faisons que revenir \u00e0 l\u2019Afrique m\u00e8re. <\/em><\/strong><\/p>\n<p><strong><em>Or l\u2019origine de la tapisserie se situe en Afrique, En Egypte, 3000 ans avant j\u00e9sus Christ. Nous en avons conserv\u00e9 le pagne polyvalent comme toute chose essentielle en Afrique. Le pagne, v\u00eatement ou teinture, mais toujours parure\u00a0!\u00a0\u00bb<\/em><\/strong><\/p>\n<p><strong><em>Extrait du discours du Pr\u00e9sident L\u00e9opold S\u00e9dar Senghor<\/em><\/strong><\/p>\n<p><strong><em>Thi\u00e8s, le 4 d\u00e9cembre 1966<\/em><\/strong><\/p>\n<p><strong><em>\u00a0<\/em><\/strong><\/p>\n<p><strong><em>\u00a0<\/em><\/strong><\/p>\n<p><strong>PRESENTATION<\/strong><\/p>\n<p>Les Manufactures S\u00e9n\u00e9galaises des Arts D\u00e9coratifs ont \u00e9t\u00e9 cr\u00e9\u00e9es \u00e0 la suite d\u2019un ambitieux projet initi\u00e9 par le Pr\u00e9sident Senghor dans le cadre de la r\u00e9alisation de sa politique culturelle, avec l\u2019appui exceptionnel de l\u2019expertise fran\u00e7aise.<\/p>\n<p>C\u2019est ainsi qu\u2019en 1958 et 1960, furent cr\u00e9\u00e9es deux fili\u00e8res qui se partageaient la formation des artistes-peintres. La premi\u00e8re, la<strong> Section des arts plastiques<\/strong>, \u00e9tait dirig\u00e9e par <strong>Iba NDIAYE<\/strong> et la seconde, <strong>la Section de recherches plastiques n\u00e8gres<\/strong>, \u00e9tait dirig\u00e9e par l\u2019artiste <strong>Papa Ibra TALL.<\/strong><\/p>\n<p>Apr\u00e8s la sp\u00e9cialisation de Papa Ibra TALL dans les ateliers d\u2019Aubusson, ses premiers collaborateurs vont \u00eatre s\u00e9lectionn\u00e9s au sein de la\u00a0 <strong>Section de recherches plastiques n\u00e8gres<\/strong> pour suivre \u00e0 leur tour en France, leur formation dans les techniques de la tapisserie.<\/p>\n<p>Les Manufactures de tapisserie des Gobelins vont recevoir en formation quatre jeunes sortants de la Section de Recherches Plastiques N\u00e8gres de l\u2019Ecole des Arts. Il s\u2019agit de Mamadou WADE, Mar FALL, Doudou DIAGNE, et Alioune Badara DIAKHATE. A leur retour, ils seront les premiers liciers en charge de transmettre les techniques du tissage aux nouveaux pensionnaires de centre de formation-insertion de l\u2019Etablissement.<\/p>\n<p>Ces deux piliers de l\u2019art s\u00e9n\u00e9galais ont enseign\u00e9 \u00e0 leurs \u00e9l\u00e8ves la d\u00e9couverte et la maitrise des techniques artistiques universelles, m\u00eames celles que l\u2019Afrique n\u2019a pas invent\u00e9es. De la peinture \u00e0 l\u2019huile \u00e0 l\u2019histoire de l\u2019art, des jeunes s\u00e9n\u00e9galais ont \u00e9t\u00e9 pr\u00e9par\u00e9s \u00e0 exprimer leur sensibilit\u00e9 d\u2019africains face au monde sans aucun complexe. Parall\u00e8lement, la section dirig\u00e9e par Papa Ibra TALL basait son enseignement sur la connaissance des formes artistiques, signes, symboles de l\u2019environnement d\u2019origine. Puis, il fallait donner aux jeunes talents sortis de cette \u00e9cole, des outils suppl\u00e9mentaires d\u2019expressions dans les arts d\u00e9coratifs avec l\u2019appui des m\u00e9tiers d\u2019arts. Ce sont entre autres techniques, la tapisserie, la mosa\u00efqu\u00e9, la c\u00e9ramique, la teinture, la lithographie, la s\u00e9rigraphie, la fonderie.<\/p>\n<p>C\u2019est dans cet esprit qu\u2019un premier atelier consacr\u00e9 \u00e0 la tapisserie fut cr\u00e9\u00e9 en 1964 et annex\u00e9 \u00e0 la Section de recherches plastiques n\u00e8gres, alors dirig\u00e9 par Papa Ibra TALL. Puis, connaissant un certain d\u00e9veloppement, l\u2019atelier de tapisserie de l\u2019Ecole des Arts fut d\u2019abord transf\u00e9r\u00e9 en 1965 \u00e0 Thi\u00e8s, \u00e0 70 km au nord de Dakar, et ensuite \u00e9rig\u00e9 en 1966, en un service national d\u00e9nomm\u00e9 <strong>Manufacture Nationale de Tapisserie<\/strong> (MNT).<\/p>\n<p>En r\u00e9alit\u00e9, il se profilait un ambitieux projet culturel du <strong>Pr\u00e9sident L\u00e9opold S\u00e9dar SENGHOR<\/strong> qu\u2019il a r\u00e9v\u00e9l\u00e9 publiquement dans son discours inaugural du 04 d\u00e9cembre 1966 \u00e0 Thi\u00e8s. C\u2019est l\u00e0 que <strong>SENGHOR<\/strong> lan\u00e7a sa fameuse formule \u00ab\u00a0<strong>un art nouveau pour une nation nouvelle<\/strong>\u00a0\u00bb. Ainsi commen\u00e7a une mission de recherche appliqu\u00e9e, jusqu\u2019en 1971. Cette ann\u00e9e-l\u00e0, \u00e0 l\u2019occasion du conseil interminist\u00e9riel du 17 mai, fut adopt\u00e9 le principe d\u2019une r\u00e9forme de la structure, la Manufacture Nationale de Tapisserie ayant d\u00e9pass\u00e9 le stade d\u2019exp\u00e9rimentation et atteint un niveau op\u00e9rationnel. Deux ans plus tard, intervint le vote de la <strong>loi n\u00b0 73-61 du 19 d\u00e9cembre 1973<\/strong> cr\u00e9ant les <strong>Manufactures S\u00e9n\u00e9galaises des Arts D\u00e9coratifs<\/strong> (MSAD) avec un statut d\u2019Etablissement \u00e0 caract\u00e8re industriel et commercial.<\/p>\n<p>&nbsp;<\/p>\n<p><strong>MISSIONS PRINCIPALES<\/strong><\/p>\n<ol>\n<li>L\u2019expansion de l\u2019art n\u00e8gre en g\u00e9n\u00e9ral, s\u00e9n\u00e9galais en particulier<\/li>\n<li>La promotion sociale de l\u2019artiste africain en g\u00e9n\u00e9ral et s\u00e9n\u00e9galais en particulier.<\/li>\n<\/ol>\n<p><strong><em>\u00a0<\/em><\/strong><\/p>\n<p><strong><em>\u00a0<\/em><\/strong><\/p>\n<ul>\n<li>la production d\u2019objets d\u2019arts n\u00e9gociables, \u00e0 partir de mod\u00e8les inspir\u00e9s de l\u2019art n\u00e8gre en g\u00e9n\u00e9ral, s\u00e9n\u00e9galais en particulier et par la mise en \u0153uvre de techniques appropri\u00e9es\u00a0;<\/li>\n<li>la diffusion et la commercialisation des objets d\u2019arts de sa production<\/li>\n<li>la cession \u00e9ventuelle \u00e0 toute autre entreprise en vue de la meilleure exploitation des mod\u00e8les de sa cr\u00e9ation.<\/li>\n<\/ul>\n<p>Conform\u00e9ment aux orientations de cette mission, bien des artistes s\u00e9n\u00e9galais ont pu tisser leur toile \u00e0 travers le monde. Des \u0153uvres d\u2019art sont ainsi inscrites en livre d\u2019or sur les pages de l\u2019histoire de la tapisserie s\u00e9n\u00e9galaise des noms et des titres d\u2019\u0153uvres bien de chez nous. Parmi les plus connus\u00a0: \u00ab<strong>\u00a0le Grand Magal de Touba\u00a0<\/strong>\u00bb de Papa Ibra TALL, offert par le S\u00e9n\u00e9gal au si\u00e8ge des Nations Unis,\u00a0 \u00ab\u00a0<strong>le Rendez-vous au Soleil<\/strong> \u00bb de Jacob Yacouba, plac\u00e9 dans le hall de l\u2019A\u00e9roport d\u2019Atlantla.<\/p>\n<p>&nbsp;<\/p>\n<p>&nbsp;<\/p>\n<\/div>\n\t\t<\/div><\/div><\/div><\/div>","protected":false},"excerpt":{"rendered":"<p>Un Art Nouveau pour une nation nouvelle \u00ab\u00a0En inaugurant cette Manufacture nationale des tapisseries, qui accueillera tous les riverains du fleuve S\u00e9n\u00e9gal, et m\u00eame les artistes d\u2019au-del\u00e0, nous ne faisons que revenir \u00e0 l\u2019Afrique m\u00e8re. Or l\u2019origine de la tapisserie se situe en Afrique, En Egypte, 3000 ans avant j\u00e9sus Christ. Nous en avons conserv\u00e9 [&hellip;]<\/p>\n","protected":false},"author":1,"featured_media":0,"parent":0,"menu_order":0,"comment_status":"closed","ping_status":"closed","template":"","meta":{"ngg_post_thumbnail":0},"_links":{"self":[{"href":"https:\/\/www.culture.gouv.sn\/index.php\/wp-json\/wp\/v2\/pages\/8962"}],"collection":[{"href":"https:\/\/www.culture.gouv.sn\/index.php\/wp-json\/wp\/v2\/pages"}],"about":[{"href":"https:\/\/www.culture.gouv.sn\/index.php\/wp-json\/wp\/v2\/types\/page"}],"author":[{"embeddable":true,"href":"https:\/\/www.culture.gouv.sn\/index.php\/wp-json\/wp\/v2\/users\/1"}],"replies":[{"embeddable":true,"href":"https:\/\/www.culture.gouv.sn\/index.php\/wp-json\/wp\/v2\/comments?post=8962"}],"version-history":[{"count":4,"href":"https:\/\/www.culture.gouv.sn\/index.php\/wp-json\/wp\/v2\/pages\/8962\/revisions"}],"predecessor-version":[{"id":11414,"href":"https:\/\/www.culture.gouv.sn\/index.php\/wp-json\/wp\/v2\/pages\/8962\/revisions\/11414"}],"wp:attachment":[{"href":"https:\/\/www.culture.gouv.sn\/index.php\/wp-json\/wp\/v2\/media?parent=8962"}],"curies":[{"name":"wp","href":"https:\/\/api.w.org\/{rel}","templated":true}]}}