{"id":8981,"date":"2020-01-26T12:48:29","date_gmt":"2020-01-26T12:48:29","guid":{"rendered":"http:\/\/www.cultureetcommunication.sn\/?page_id=8981"},"modified":"2020-01-26T12:48:29","modified_gmt":"2020-01-26T12:48:29","slug":"spectacle-sons-et-lumieres","status":"publish","type":"page","link":"https:\/\/www.culture.gouv.sn\/index.php\/spectacle-sons-et-lumieres\/","title":{"rendered":"Spectacle sons et lumi\u00e8res"},"content":{"rendered":"<div id=\"pl-8981\"  class=\"panel-layout\" ><div id=\"pg-8981-0\"  class=\"panel-grid panel-no-style\" ><div id=\"pgc-8981-0-0\"  class=\"panel-grid-cell\" ><div id=\"panel-8981-0-0-0\" class=\"so-panel widget widget_text panel-first-child panel-last-child\" data-index=\"0\" >\t\t\t<div class=\"textwidget\"><p>Le Spectacle Sons &amp; Lumi\u00e8res est un service technique plac\u00e9e sous la tutelle du Minist\u00e8re de la culture et de la communication<\/p>\n<p>&nbsp;<\/p>\n<p><strong>\u00a0Missions Principales \u00a0\u00a0\u00a0\u00a0\u00a0\u00a0\u00a0\u00a0 &#8211;\u00a0\u00a0\u00a0\u00a0\u00a0\u00a0\u00a0\u00a0\u00a0\u00a0\u00a0 <\/strong><\/p>\n<p>&nbsp;<\/p>\n<p>La conception et l\u2019organisation de spectacles puis\u00e9es dans le riche patrimoine historique et culturel du pays\u00a0;<\/p>\n<ul>\n<li>l\u2019animation des sites et monuments historiques\u00a0;<\/li>\n<li>l\u2019information et la sensibilisation de populations sur les faits marquants de notre histoire sous forme de spectacles\u00a0;<\/li>\n<li>la recherche documentaire et scientifique, la relecture de la tradition orale\u00a0;<\/li>\n<li>la participation au d\u00e9veloppement du tourisme culturel en rapport avec les collectivit\u00e9s locales.<\/li>\n<li>l\u2019Appui aux manifestations culturelles.<\/li>\n<\/ul>\n<p>&nbsp;<\/p>\n<p><strong>Contact et adresse<\/strong><\/p>\n<p>Adresse\u00a0: Point E, rue Birago Diop, en face commissariat du Point E<\/p>\n<p>Contact\u00a0: 221 33\u00a0824 06 91 \/+221 77\u00a0244 77 03<\/p>\n<\/div>\n\t\t<\/div><\/div><\/div><\/div>","protected":false},"excerpt":{"rendered":"<p>Le Spectacle Sons &amp; Lumi\u00e8res est un service technique plac\u00e9e sous la tutelle du Minist\u00e8re de la culture et de la communication &nbsp; \u00a0Missions Principales \u00a0\u00a0\u00a0\u00a0\u00a0\u00a0\u00a0\u00a0 &#8211;\u00a0\u00a0\u00a0\u00a0\u00a0\u00a0\u00a0\u00a0\u00a0\u00a0\u00a0 &nbsp; La conception et l\u2019organisation de spectacles puis\u00e9es dans le riche patrimoine historique et culturel du pays\u00a0; l\u2019animation des sites et monuments historiques\u00a0; l\u2019information et la sensibilisation de [&hellip;]<\/p>\n","protected":false},"author":1,"featured_media":0,"parent":0,"menu_order":0,"comment_status":"closed","ping_status":"closed","template":"","meta":{"ngg_post_thumbnail":0},"_links":{"self":[{"href":"https:\/\/www.culture.gouv.sn\/index.php\/wp-json\/wp\/v2\/pages\/8981"}],"collection":[{"href":"https:\/\/www.culture.gouv.sn\/index.php\/wp-json\/wp\/v2\/pages"}],"about":[{"href":"https:\/\/www.culture.gouv.sn\/index.php\/wp-json\/wp\/v2\/types\/page"}],"author":[{"embeddable":true,"href":"https:\/\/www.culture.gouv.sn\/index.php\/wp-json\/wp\/v2\/users\/1"}],"replies":[{"embeddable":true,"href":"https:\/\/www.culture.gouv.sn\/index.php\/wp-json\/wp\/v2\/comments?post=8981"}],"version-history":[{"count":1,"href":"https:\/\/www.culture.gouv.sn\/index.php\/wp-json\/wp\/v2\/pages\/8981\/revisions"}],"predecessor-version":[{"id":8982,"href":"https:\/\/www.culture.gouv.sn\/index.php\/wp-json\/wp\/v2\/pages\/8981\/revisions\/8982"}],"wp:attachment":[{"href":"https:\/\/www.culture.gouv.sn\/index.php\/wp-json\/wp\/v2\/media?parent=8981"}],"curies":[{"name":"wp","href":"https:\/\/api.w.org\/{rel}","templated":true}]}}